{"id":707,"date":"2019-03-05T19:11:34","date_gmt":"2019-03-05T18:11:34","guid":{"rendered":"http:\/\/lemadeleine.se\/?page_id=707"},"modified":"2026-01-21T21:10:08","modified_gmt":"2026-01-21T20:10:08","slug":"om-marseille","status":"publish","type":"page","link":"https:\/\/lemadeleine.se\/index.php\/om-marseille\/","title":{"rendered":"Old Om Marseille"},"content":{"rendered":"<p>Marseille\u00a0 \u00e4r Frankrikes n\u00e4st st\u00f6rsta stad. Den ligger i departementet Bouches-du-Rh\u00f4ne, Provence, i syd\u00f6stra Frankrike. Den grundades under namnet Massalia \/ \u039c\u03b1\u03c3\u03c3\u03b1\u03bb\u03af\u03b1 av grekiska kolonisat\u00f6rer\u00a0 p\u00e5 600-talet f.Kr., och \u00e4r d\u00e4rmed Frankrikes \u00e4ldsta stad. Marseille har medelhavsklimat och h\u00e4r ligger Frankrikes st\u00f6rsta medelhavshamn f\u00f6r civilt \u00e4ndam\u00e5l, med f\u00e4rjetrafik till Nordafrika, Italien och Spanien. Inv\u00e5narna kallas Marseillais.<\/p>\n<p>H\u00e4r \u00e4r n\u00e5gra bra researtiklar om Marseille<\/p>\n<ul>\n<li><a href=\"https:\/\/www.lefigaro.fr\/voyages\/48h-a-marseille-la-ville-entre-la-mer-et-les-collines-20200125\">Le Figaro v\u00e5ren 2020<\/a><\/li>\n<li><a href=\"https:\/\/www.nytimes.com\/2019\/04\/11\/travel\/36-hours-in-marseille.html\">New York Times April 2019<\/a><\/li>\n<li><a href=\"https:\/\/www.theguardian.com\/travel\/2018\/nov\/12\/locals-guide-to-marseille-france-10-top-tips\">The Guardian November 2018 <\/a><\/li>\n<li><a href=\"https:\/\/www.telegraph.co.uk\/travel\/destinations\/europe\/france\/cote-d-azur\/marseille\/articles\/marseille-travel-guide\/\">The Telegraph<\/a><\/li>\n<\/ul>\n<p>Marseille har medelhavsklimat med milda v\u00e5ta vintrar och heta torra somrar. Det \u00e4r kallast i januari och februari med medeltemperaturer p\u00e5 8 &#8211; 9 \u00b0C. I juli och augusti \u00e4r det varmast, och d\u00e5 \u00e4r medeltemperaturen runt 30 \u00b0C. Marseille, liksom resten av Provence, \u00e4r k\u00e4nt f\u00f6r sina mistralvindar som byggs upp i Rh\u00f4nedalen.<\/p>\n<p><a href=\"http:\/\/lemadeleine.se\/wp-content\/uploads\/2019\/03\/Sk\u00e4rmklipp.jpg\"><img loading=\"lazy\" decoding=\"async\" class=\"alignnone wp-image-708 size-full\" src=\"http:\/\/lemadeleine.se\/wp-content\/uploads\/2019\/03\/Sk\u00e4rmklipp.jpg\" alt=\"\" width=\"2576\" height=\"710\" srcset=\"https:\/\/lemadeleine.se\/wp-content\/uploads\/2019\/03\/Sk\u00e4rmklipp.jpg 2576w, https:\/\/lemadeleine.se\/wp-content\/uploads\/2019\/03\/Sk\u00e4rmklipp-300x83.jpg 300w, https:\/\/lemadeleine.se\/wp-content\/uploads\/2019\/03\/Sk\u00e4rmklipp-768x212.jpg 768w, https:\/\/lemadeleine.se\/wp-content\/uploads\/2019\/03\/Sk\u00e4rmklipp-1024x282.jpg 1024w\" sizes=\"(max-width: 767px) 89vw, (max-width: 1000px) 54vw, (max-width: 1071px) 543px, 580px\" \/><\/a><\/p>\n<p>Marseille har under \u00e5rens haft m\u00e5nga olika folkgrupper. Under f\u00f6rsta halvan av 1900-talet var 40% av innev\u00e5narna fr\u00e5n Italien &amp; Grekland. Ryssarna kom 1917; Armenier 1915 och 1923; Vietnameser p\u00e5 1920-talet, 1954 och efter 1975 Korsikaner under 1920 och 1930-talen; Spanjorer efter 1936. Nord Afrikaner (b\u00e5de Araber och Berber) mellan v\u00e4rldskrigen, Sub-Sahara afrikaner efter kriget 1945. Sen 1962 flyktingar fr\u00e5n Algeriet; sen Comorrena 1975.<\/p>\n\n\n<p><strong>Filmer som utspelar sig i Marseille:<\/strong><\/p>\n\n\n\n<ul>\n<li>La villa\/Huset vid havet, av Robert Gu\u00e9diguian som i princip alltid skildrar Marseille i sina filmer:  <a href=\"https:\/\/www.imdb.com\/title\/tt7219324\/\" target=\"_blank\" rel=\"noreferrer noopener\">https:\/\/www.imdb.com\/title\/tt7219324\/<\/a><\/li>\n\n\n\n<li>Les neiges du Kilimandjaro\/ Sn\u00f6n p\u00e5 Kilimanjaro av Robert Gu\u00e9diguian: <a href=\"https:\/\/www.imdb.com\/title\/tt1852006\/ \">https:\/\/www.imdb.com\/title\/tt1852006\/ <\/a><\/li>\n\n\n\n<li>Gloria Mundi\/Min dotter Gloria av Robert Gu\u00e9diguian: <a href=\"https:\/\/www.imdb.com\/title\/tt9584814\/\" target=\"_blank\" rel=\"noreferrer noopener\">https:\/\/www.imdb.com\/title\/tt9584814\/<\/a><\/li>\n\n\n\n<li>La French\/Syndikatet: <a href=\"https:\/\/www.imdb.com\/title\/tt2935564\/\" target=\"_blank\" rel=\"noreferrer noopener\">https:\/\/www.imdb.com\/title\/tt2935564\/<\/a><\/li>\n\n\n\n<li>BAC Nord: <a href=\"https:\/\/www.imdb.com\/title\/tt10404944\/\" target=\"_blank\" rel=\"noreferrer noopener\">https:\/\/www.imdb.com\/title\/tt10404944\/<\/a><\/li>\n<\/ul>\n\n\n\n<p><strong>TV serier:<\/strong><\/p>\n\n\n\n<ul>\n<li>Pax Massilia\/Blodkusten Netflix serie: <a href=\"https:\/\/www.imdb.com\/title\/tt28129282\/\" target=\"_blank\" rel=\"noreferrer noopener\">https:\/\/www.imdb.com\/title\/tt28129282\/<\/a><\/li>\n\n\n\n<li>Marseille: <a href=\"https:\/\/www.imdb.com\/title\/tt4003966\/\" target=\"_blank\" rel=\"noreferrer noopener\">https:\/\/www.imdb.com\/title\/tt4003966\/<\/a><\/li>\n<\/ul>\n\n\n\n<p><strong>Musikvideor:<\/strong><\/p>\n\n\n\n<ul>\n<li>Soprano som \u00e4r fr\u00e5n Marseille: <a href=\"https:\/\/www.youtube.com\/watch?v=ne9Qa1x8_rE\" target=\"_blank\" rel=\"noreferrer noopener\">https:\/\/www.youtube.com\/watch?v=ne9Qa1x8_rE<\/a> och \n<ul>\n<li><a href=\"https:\/\/www.youtube.com\/watch?v=ne9Qa1x8_rE\" target=\"_blank\" rel=\"noreferrer noopener\">https:\/\/www.youtube.com\/watch?v=ne9Qa1x8_rE<\/a><\/li>\n<\/ul>\n<\/li>\n\n\n\n<li>Louise Winsberg en Marseille gitarrist: <a href=\"https:\/\/www.youtube.com\/watch?v=Vd08bnip1A0\" target=\"_blank\" rel=\"noreferrer noopener\">https:\/\/www.youtube.com\/watch?v=Vd08bnip1A0<\/a><\/li>\n\n\n\n<li>The Blaze (nog inte inspelad i Marsielle) men de har stark koppling och \u00e4r inspirerade av till Marseille: <a href=\"https:\/\/www.youtube.com\/watch?v=54fea7wuV6s\" target=\"_blank\" rel=\"noreferrer noopener\">https:\/\/www.youtube.com\/watch?v=54fea7wuV6s<\/a> och\n<ul>\n<li><a href=\"https:\/\/www.youtube.com\/watch?v=UivZrL2znh0\" target=\"_blank\" rel=\"noreferrer noopener\">https:\/\/www.youtube.com\/watch?v=UivZrL2znh0<\/a><\/li>\n<\/ul>\n<\/li>\n<\/ul>\n","protected":false},"excerpt":{"rendered":"<p>Marseille\u00a0 \u00e4r Frankrikes n\u00e4st st\u00f6rsta stad. Den ligger i departementet Bouches-du-Rh\u00f4ne, Provence, i syd\u00f6stra Frankrike. Den grundades under namnet Massalia \/ \u039c\u03b1\u03c3\u03c3\u03b1\u03bb\u03af\u03b1 av grekiska kolonisat\u00f6rer\u00a0 p\u00e5 600-talet f.Kr., och \u00e4r d\u00e4rmed Frankrikes \u00e4ldsta stad. Marseille har medelhavsklimat och h\u00e4r ligger Frankrikes st\u00f6rsta medelhavshamn f\u00f6r civilt \u00e4ndam\u00e5l, med f\u00e4rjetrafik till Nordafrika, Italien och Spanien. Inv\u00e5narna kallas &hellip; <\/p>\n<p class=\"link-more\"><a href=\"https:\/\/lemadeleine.se\/index.php\/om-marseille\/\" class=\"more-link\">Forts\u00e4tt l\u00e4sa<span class=\"screen-reader-text\"> &#8221;Old Om Marseille&#8221;<\/span><\/a><\/p>\n","protected":false},"author":1,"featured_media":0,"parent":0,"menu_order":0,"comment_status":"closed","ping_status":"closed","template":"","meta":{"jetpack_post_was_ever_published":false,"footnotes":""},"jetpack_sharing_enabled":true,"jetpack_shortlink":"https:\/\/wp.me\/Pa3I6H-bp","_links":{"self":[{"href":"https:\/\/lemadeleine.se\/index.php\/wp-json\/wp\/v2\/pages\/707"}],"collection":[{"href":"https:\/\/lemadeleine.se\/index.php\/wp-json\/wp\/v2\/pages"}],"about":[{"href":"https:\/\/lemadeleine.se\/index.php\/wp-json\/wp\/v2\/types\/page"}],"author":[{"embeddable":true,"href":"https:\/\/lemadeleine.se\/index.php\/wp-json\/wp\/v2\/users\/1"}],"replies":[{"embeddable":true,"href":"https:\/\/lemadeleine.se\/index.php\/wp-json\/wp\/v2\/comments?post=707"}],"version-history":[{"count":7,"href":"https:\/\/lemadeleine.se\/index.php\/wp-json\/wp\/v2\/pages\/707\/revisions"}],"predecessor-version":[{"id":5750,"href":"https:\/\/lemadeleine.se\/index.php\/wp-json\/wp\/v2\/pages\/707\/revisions\/5750"}],"wp:attachment":[{"href":"https:\/\/lemadeleine.se\/index.php\/wp-json\/wp\/v2\/media?parent=707"}],"curies":[{"name":"wp","href":"https:\/\/api.w.org\/{rel}","templated":true}]}}